ppose -25 = -h + q. List the prime factors of h.
2, 13
Let d be 2/(2*(-1)/(-4)). Let i(x) = -1 + 2*x + 3*x**2 + d*x**2 + 4*x**2 + 0*x**2. What are the prime factors of i(1)?
2, 3
Let w = -4 - 4. Let l = w + 10. Let b = 2 + l. What are the prime factors of b?
2
Let m = -4 + 5. Suppose -m = 3*q - 13. Let l = 13 - q. What are the prime factors of l?
3
Let r = 7 + 6. Suppose 19 = 3*n - 5. Let c = r - n. What are the prime factors of c?
5
Let c be ((-2)/4)/((-7)/14). Let x = c - -2. Suppose -4*i = -3*m - 0*m + 4, -4*i - x*m + 20 = 0. What are the prime factors of i?
2
Let t(n) = n**2 + 8*n - 5. Let r be t(-8). Let p = r + 5. Suppose -3*q + 25 + 11 = p. List the prime factors of q.
2, 3
Let t be -4 + (-4 - -1) - 2. Let z(g) = 21*g**2 + g + 1. Let r be z(-1). Let w = r + t. List the prime factors of w.
2, 3
Let k(r) = r**2 - 5*r - 5. Suppose -2*f = 2*f - 32. What are the prime factors of k(f)?
19
Let y be (3 + -3)*(-2)/(-4). Suppose -2*s + q + 22 = y, -3*q + 60 = 4*s - q. List the prime factors of s.
13
Suppose 0 = -6*v + 66 + 18. List the prime factors of v.
2, 7
Suppose -249 = -4*g + 483. What are the prime factors of g?
3, 61
Let l(b) be the third derivative of b**5/60 + b**4/4 + b**3 + 2*b**2. What are the prime factors of l(-7)?
13
Let q(d) = d**2 + 16*d - 11. Let r be q(8). Suppose 4*i + t = 77 + 157, 0 = 3*i - 2*t - r. List the prime factors of i.
59
Let x(s) = s**3 + 6*s**2 + 2*s - 11. Let c be x(-5). Suppose 0 = -c*q - 4*f + 156, -4*q + 43 = -3*q + 2*f. List the prime factors of q.
5, 7
Let m be 6/(-3) - 4*-2. Suppose -f + 2*q - m = 0, -2*q = -5*f - 10 - 4. What are the prime factors of (-12)/10*(f + -3)?
2, 3
Suppose -4*n + 35 = n. Let i be 2*(2 + n/(-2)). List the prime factors of 6/(-4)*4/i.
2
Let g = -3 - -7. Suppose 10*m = -4*t + 5*m + 245, 3*t - 4*m - 176 = 0. Suppose h - t = -g*h. List the prime factors of h.
2, 3
Let s = -67 + 128. Suppose 3*p - s - 35 = 0. List the prime factors of p.
2
Suppose -i = 2*a + 17, -3*i - 36 = 4*a + i. Let k(o) = o**3 + 7*o**2 - 8*o + 6. List the prime factors of k(a).
2, 3
Suppose 23 = 2*v - 17. List the prime factors of v.
2, 5
Let b(g) = -28*g + 21. What are the prime factors of b(-6)?
3, 7
Let o = 12 - 9. Suppose s = -5*c + o*s + 60, -s + 5 = c. What are the prime factors of c?
2, 5
Suppose -t = -u - 2*t - 8, -2*u + 19 = -5*t. Let v be (-1)/((-2)/4) - u. Suppose -s + 2*a = -0*s - 5, 0 = -2*s - a + v. List the prime factors of s.
3
Let q(f) = -f**3 + 6*f**2 - f - 5. Suppose -s + 5*l = -7 + 28, 0 = 4*s + l - 21. List the prime factors of q(s).
23
Let l be -1 - (-18)/4*2. Suppose -2*f - l = -3*f. What are the prime factors of f?
2
Let h = -4 - -4. List the prime factors of h + 0/3 + 13.
13
List the prime factors of 4/8*2 - -145.
2, 73
Let h be (3/(-2))/((-7)/(-238)). Let n = -27 - h. Suppose 3*w + 3 = n. List the prime factors of w.
7
Let i be -24*((-22)/(-6) + -4). Let a = 42 - i. What are the prime factors of a?
2, 17
Let a(t) = -t**3 - 9*t**2 - 7*t - 14. List the prime factors of a(-9).
7
Let q(o) = 7*o - 13*o**2 - 10*o + o**3 + 0*o**3 + 1 + 4*o. List the prime factors of q(13).
2, 7
Let i(o) = o**2 - 6*o - 4. Let j be 2/1 + -8 + 2. Let m(g) = -5*g - 3. Let f(b) = j*m(b) + 3*i(b). What are the prime factors of f(-2)?
2
Let d = 5 - -17. Let k = 35 - d. What are the prime factors of k?
13
Let j be 157/4 + (-2)/8. Let p be (-344)/(-12) + (-2)/3. Let b = j - p. List the prime factors of b.
11
Let a be (2*(2 + -1))/1. Suppose -a*v = -4*v - 28. Let i = 0 - v. What are the prime factors of i?
2, 7
Suppose -9*i = -4*i + 4*n - 412, -3*i + 3*n = -231. What are the prime factors of i?
2, 5
Let h be 4/(-10) - 24/(-10). Suppose -3*r - 43 = -h*y, 0 = 5*y + r - 84 + 2. What are the prime factors of y?
17
Let v(p) = -2*p - 11. Let m be v(-8). Suppose 0 = -3*n - a - 3*a + 3, 0 = m*n + 3*a + 6. Let c(y) = -3*y - 1. List the prime factors of c(n).
2
Suppose -3*j + 34 = -20. List the prime factors of j.
2, 3
Suppose w = 5*t - 224, 3*w + 4 = 7*w. Suppose 6*d = d + t. List the prime factors of (-2)/(-3) + 138/d.
2
Let n(y) = -y**3 + y**2 + 5*y + 5. Let f be n(-4). Suppose 4*i + 9 = f. List the prime factors of i.
2, 7
Let r = -280 + 398. List the prime factors of r.
2, 59
Let p = 8 + -14. Let l be ((-57)/p)/(3/(-12)). Let c = l - -58. List the prime factors of c.
2, 5
Let y = 10 + -14. List the prime factors of (-2)/(-1)*(-18)/y.
3
Let r(h) = -h**3 + 6*h**2 + 7*h - 15. Suppose 2*b + 2 = 2*x + 8, 4*x = -2*b + 24. What are the prime factors of r(b)?
3
Suppose -3*l = -n - 0*n, -5*n - l - 32 = 0. Let p = n + 11. What are the prime factors of p?
5
List the prime factors of (-1)/((-4)/468) - 0.
3, 13
Suppose 0 = -3*o - f + 88, -3*o + 0*f = 2*f - 86. List the prime factors of o.
2, 3, 5
Suppose -5*w = 0, -n = w + 3*w. Suppose 8*m - 3*m - 65 = n. List the prime factors of m.
13
What are the prime factors of (-540)/(-16) - 6/8?
3, 11
Let y(s) = -2*s**2 + 2. Let j(c) = c**2 - c - 1. Let u(l) = 3*j(l) + y(l). List the prime factors of u(8).
3, 13
Let o(d) = d**2 - 8*d - 6. Let h be o(9). Suppose 3*c - 7 = 2*a, h*c - 11 = 3*a - 2. List the prime factors of c/(-1)*-7 - -2.
3
Suppose 0 = -z + 3*v - 5, -4*z + 4*v + 15 = -5. Let u(n) = 4*n - 12. Let y be u(z). Suppose -b - 3*b = -y. List the prime factors of b.
7
Let h = -32 + 65. What are the prime factors of h?
3, 11
Let b = -9 + 12. Let j = b + 14. List the prime factors of j.
17
List the prime factors of 664/40 - (-2)/5.
17
Let q = -8 - -11. Let w be (-4 - 14)*2/q. List the prime factors of w/(-10)*(2 - -3).
2, 3
Let t be (-96)/(-44) + 4/(-22). Let p = t + 2. Suppose p*q + q - 50 = 0. List the prime factors of q.
2, 5
Let i(u) = 13*u**2 + u - 1. Suppose 0 = -3*v + 5*v - 2. What are the prime factors of i(v)?
13
Suppose -4*m + o = -0*o - 85, -89 = -4*m + 5*o. Let t = m - 15. What are the prime factors of t?
2, 3
Let m(c) = -c**2 + 10*c + 2. What are the prime factors of m(7)?
23
Suppose 4*x - m = 9, 0*m + 2*m = -4*x + 6. Suppose 3*a - x = 5*g, -g - 6 = -4*a + 4*g. Suppose 5*u = h - 21, -h + u - 3 = a*u. List the prime factors of h.
2, 3
Suppose -73 = -3*o + 2*u + 15, o = -2*u + 24. What are the prime factors of o?
2, 7
Let b(q) = 2*q**3 - 5*q**2 - 2*q + 5. Let c be b(4). Suppose c = 5*t - 5. What are the prime factors of t?
2, 5
Suppose 3*c - 82 = -g + 23, c + 285 = 3*g. List the prime factors of g.
2, 3
Let i = 1 + 2. Suppose -2*y + 35 = i*y. List the prime factors of y.
7
Let b be 1/(((-2)/(-1))/10). Suppose -3*z = -b*z + 14. List the prime factors of z.
7
Let a(y) = y + 6. Let p(b) = -b - 15. Let c be p(-7). Let k be a(c). What are the prime factors of (k - -4)/1 + 10?
2, 3
Suppose t = 3*t. Suppose -5*f - 2*z - 9 = t, 2*f + 3 = f - z. List the prime factors of ((-14)/4)/(f/2).
7
Let k be ((-6)/(-9))/((-2)/3). List the prime factors of 1/k - (-15)/3.
2
Let j(s) = -s**2 - 9*s + 8. Let g be j(-9). Let y = -5 + g. Suppose y*b = -2*h - 4 + 28, 3*h - 30 = -3*b. What are the prime factors of h?
2, 3
Let b = -166 + 178. What are the prime factors of b?
2, 3
Let q be (-1)/(-4) - 3/12. Suppose -88 = -4*j + 4*r, j + 2*j + 5*r - 58 = q. Suppose -o + j = 3*t, -o - 2*o + 14 = 2*t. List the prime factors of t.
7
What are the prime factors of ((-40)/(-25))/((-4)/(-30))?
2, 3
Let c = -77 - -140. List the prime factors of c.
3, 7
Let o(p) = 215*p**2 + 2*p + 2. Let h be o(-1). Suppose 4*j - h = -j. List the prime factors of j.
43
Suppose k + k - 4*c = 4, 3*c = -k - 3. List the prime factors of 12 - (0 + k + -1).
13
Let t = -4 - -30. Suppose 0 = 2*f - k - t, 3*k = k + 4. Let v = f - 10. List the prime factors of v.
2
Let z = -16 - -23. What are the prime factors of z?
7
Suppose k - 3*n + 21 = 0, 0 = -0*n + n. Let l = 34 + k. List the prime factors of l.
13
List the prime factors of (-5634)/(-90) + (-2)/(-5).
3, 7
Suppose 4*x - 42 = -10. Let y(w) be the first derivative of w**2/2 - w + 1. List the prime factors of y(x).
7
List the prime factors of (-37)/(-5) + (-21)/(-35).
2
Suppose -113 = 11*i - 12*i. What are the prime factors of i?
113
Suppose d = 19 + 37. Suppose -u + d = m, 0 = 4*m - 5*m + 5. List the prime factors of u.
3, 17
Suppose 2*j - 114 = -j. List the prime factors of j.
2, 19
Let c(r) = -4*r - 13*r**3 + 9*r - 6*r - 2*r**2. What are the prime factors of c(-1)?
2, 3
Let k(r) = -5*r + 1.